{"id":34,"date":"2025-09-06T11:21:32","date_gmt":"2025-09-06T08:21:32","guid":{"rendered":"https:\/\/fidanakustik.com\/?page_id=34"},"modified":"2025-09-06T21:17:48","modified_gmt":"2025-09-06T18:17:48","slug":"konular","status":"publish","type":"page","link":"https:\/\/fidanakustik.com\/?page_id=34","title":{"rendered":"\u0130malatlar"},"content":{"rendered":"\n<p><\/p>\n\n\n\n<p><\/p>\n\n\n\n<p><\/p>\n\n\n\n<p><\/p>\n\n\n\n<p>Projelerde kullan\u0131lan \u00fcr\u00fcnlerimiz (\u00d6rnektir)<\/p>\n\n\n\n<p><\/p>\n\n\n<div class=\"wp-block-image\">\n<figure class=\"aligncenter size-full is-resized\"><img loading=\"lazy\" decoding=\"async\" width=\"693\" height=\"442\" src=\"https:\/\/fidanakustik.com\/wp-content\/uploads\/2025\/09\/WhatsApp-Image-2025-09-03-at-18.21.59.jpeg\" alt=\"\" class=\"wp-image-110\" style=\"width:431px;height:auto\" srcset=\"https:\/\/fidanakustik.com\/wp-content\/uploads\/2025\/09\/WhatsApp-Image-2025-09-03-at-18.21.59.jpeg 693w, https:\/\/fidanakustik.com\/wp-content\/uploads\/2025\/09\/WhatsApp-Image-2025-09-03-at-18.21.59-300x191.jpeg 300w\" sizes=\"(max-width: 693px) 100vw, 693px\" \/><\/figure><\/div>\n\n\n<p><\/p>\n\n\n\n<p><\/p>\n\n\n\n<p class=\"has-text-align-center\"><strong>Daire boyalar\u0131<\/strong><\/p>\n\n\n\n<p><\/p>\n\n\n\n<p><\/p>\n\n\n<div class=\"wp-block-image\">\n<figure class=\"aligncenter size-full is-resized\"><img loading=\"lazy\" decoding=\"async\" width=\"636\" height=\"482\" src=\"https:\/\/fidanakustik.com\/wp-content\/uploads\/2025\/09\/WhatsApp-Image-2025-08-29-at-18.00.35-6.jpeg\" alt=\"\" class=\"wp-image-86\" style=\"width:428px;height:auto\" srcset=\"https:\/\/fidanakustik.com\/wp-content\/uploads\/2025\/09\/WhatsApp-Image-2025-08-29-at-18.00.35-6.jpeg 636w, https:\/\/fidanakustik.com\/wp-content\/uploads\/2025\/09\/WhatsApp-Image-2025-08-29-at-18.00.35-6-300x227.jpeg 300w\" sizes=\"(max-width: 636px) 100vw, 636px\" \/><\/figure><\/div>\n\n\n<p><\/p>\n\n\n\n<p><\/p>\n\n\n\n<p class=\"has-text-align-center\"><strong>Ses yal\u0131t\u0131ml\u0131 Al\u00e7\u0131pan b\u00f6lme duvar uygulamas\u0131<\/strong><\/p>\n\n\n\n<p><\/p>\n\n\n<div class=\"wp-block-image\">\n<figure class=\"aligncenter size-full is-resized\"><img loading=\"lazy\" decoding=\"async\" width=\"560\" height=\"547\" src=\"https:\/\/fidanakustik.com\/wp-content\/uploads\/2025\/09\/WhatsApp-Image-2025-08-29-at-18.00.37-7.jpeg\" alt=\"\" class=\"wp-image-105\" style=\"width:442px;height:auto\" srcset=\"https:\/\/fidanakustik.com\/wp-content\/uploads\/2025\/09\/WhatsApp-Image-2025-08-29-at-18.00.37-7.jpeg 560w, https:\/\/fidanakustik.com\/wp-content\/uploads\/2025\/09\/WhatsApp-Image-2025-08-29-at-18.00.37-7-300x293.jpeg 300w\" sizes=\"(max-width: 560px) 100vw, 560px\" \/><\/figure><\/div>\n\n\n<p><\/p>\n\n\n\n<p><\/p>\n\n\n\n<p class=\"has-text-align-center\"><strong>Ta\u015f y\u00fcn\u00fc tavan uygulamas\u0131<\/strong><\/p>\n\n\n\n<p><\/p>\n\n\n\n<p><\/p>\n\n\n<div class=\"wp-block-image\">\n<figure class=\"aligncenter size-full is-resized\"><img loading=\"lazy\" decoding=\"async\" width=\"495\" height=\"619\" src=\"https:\/\/fidanakustik.com\/wp-content\/uploads\/2025\/09\/WhatsApp-Image-2025-08-29-at-18.00.35-3.jpeg\" alt=\"\" class=\"wp-image-83\" style=\"width:384px;height:auto\" srcset=\"https:\/\/fidanakustik.com\/wp-content\/uploads\/2025\/09\/WhatsApp-Image-2025-08-29-at-18.00.35-3.jpeg 495w, https:\/\/fidanakustik.com\/wp-content\/uploads\/2025\/09\/WhatsApp-Image-2025-08-29-at-18.00.35-3-240x300.jpeg 240w\" sizes=\"(max-width: 495px) 100vw, 495px\" \/><\/figure><\/div>\n\n\n<p><\/p>\n\n\n\n<p class=\"has-text-align-center\"><strong>Baffle duvar uygulamas\u0131<\/strong><\/p>\n\n\n\n<p><\/p>\n\n\n\n<p><\/p>\n\n\n\n<p><\/p>\n\n\n<div class=\"wp-block-image\">\n<figure class=\"aligncenter size-full is-resized\"><img loading=\"lazy\" decoding=\"async\" width=\"701\" height=\"438\" src=\"https:\/\/fidanakustik.com\/wp-content\/uploads\/2025\/09\/WhatsApp-Image-2025-08-29-at-18.00.34-3.jpeg\" alt=\"\" class=\"wp-image-76\" style=\"width:461px;height:auto\" srcset=\"https:\/\/fidanakustik.com\/wp-content\/uploads\/2025\/09\/WhatsApp-Image-2025-08-29-at-18.00.34-3.jpeg 701w, https:\/\/fidanakustik.com\/wp-content\/uploads\/2025\/09\/WhatsApp-Image-2025-08-29-at-18.00.34-3-300x187.jpeg 300w\" sizes=\"(max-width: 701px) 100vw, 701px\" \/><\/figure><\/div>\n\n\n<p><\/p>\n\n\n\n<p class=\"has-text-align-center\"><strong>B\u00f6lme duvar ve asma Al\u00e7\u0131pan tavan uygulamas\u0131<\/strong><\/p>\n\n\n\n<p><\/p>\n\n\n\n<p><\/p>\n\n\n<div class=\"wp-block-image\">\n<figure class=\"aligncenter size-full is-resized\"><img loading=\"lazy\" decoding=\"async\" width=\"797\" height=\"599\" src=\"https:\/\/fidanakustik.com\/wp-content\/uploads\/2025\/09\/2.png\" alt=\"\" class=\"wp-image-197\" style=\"width:486px;height:auto\" srcset=\"https:\/\/fidanakustik.com\/wp-content\/uploads\/2025\/09\/2.png 797w, https:\/\/fidanakustik.com\/wp-content\/uploads\/2025\/09\/2-300x225.png 300w, https:\/\/fidanakustik.com\/wp-content\/uploads\/2025\/09\/2-768x577.png 768w\" sizes=\"(max-width: 797px) 100vw, 797px\" \/><\/figure><\/div>\n\n\n<p><\/p>\n\n\n\n<p class=\"has-text-align-center\"><strong>Clipin tavan<\/strong><\/p>\n\n\n\n<p><\/p>\n\n\n<div class=\"wp-block-image\">\n<figure class=\"aligncenter size-large is-resized\"><img loading=\"lazy\" decoding=\"async\" width=\"1024\" height=\"706\" src=\"https:\/\/fidanakustik.com\/wp-content\/uploads\/2025\/09\/1-1024x706.png\" alt=\"\" class=\"wp-image-196\" style=\"width:476px;height:auto\" srcset=\"https:\/\/fidanakustik.com\/wp-content\/uploads\/2025\/09\/1-1024x706.png 1024w, https:\/\/fidanakustik.com\/wp-content\/uploads\/2025\/09\/1-300x207.png 300w, https:\/\/fidanakustik.com\/wp-content\/uploads\/2025\/09\/1-768x530.png 768w, https:\/\/fidanakustik.com\/wp-content\/uploads\/2025\/09\/1.png 1141w\" sizes=\"(max-width: 1024px) 100vw, 1024px\" \/><\/figure><\/div>\n\n\n<p><\/p>\n\n\n\n<p class=\"has-text-align-center\"><strong>Baffle tavan uygulamas\u0131<\/strong><\/p>\n\n\n\n<p><\/p>\n\n\n<div class=\"wp-block-image\">\n<figure class=\"aligncenter size-full is-resized\"><img loading=\"lazy\" decoding=\"async\" width=\"447\" height=\"222\" src=\"https:\/\/fidanakustik.com\/wp-content\/uploads\/2025\/09\/WhatsApp-Image-2025-09-03-at-18.22.50.jpeg\" alt=\"\" class=\"wp-image-108\" style=\"width:660px;height:auto\" srcset=\"https:\/\/fidanakustik.com\/wp-content\/uploads\/2025\/09\/WhatsApp-Image-2025-09-03-at-18.22.50.jpeg 447w, https:\/\/fidanakustik.com\/wp-content\/uploads\/2025\/09\/WhatsApp-Image-2025-09-03-at-18.22.50-300x149.jpeg 300w\" sizes=\"(max-width: 447px) 100vw, 447px\" \/><\/figure><\/div>\n\n\n<p><\/p>\n\n\n\n<p class=\"has-text-align-center\"><strong>\u0130talik boya<\/strong><\/p>\n\n\n\n<p><\/p>\n\n\n<div class=\"wp-block-image\">\n<figure class=\"aligncenter size-full\"><img loading=\"lazy\" decoding=\"async\" width=\"500\" height=\"500\" src=\"https:\/\/fidanakustik.com\/wp-content\/uploads\/2025\/09\/WhatsApp-Image-2025-08-27-at-22.28.45-1.jpeg\" alt=\"\" class=\"wp-image-158\" srcset=\"https:\/\/fidanakustik.com\/wp-content\/uploads\/2025\/09\/WhatsApp-Image-2025-08-27-at-22.28.45-1.jpeg 500w, https:\/\/fidanakustik.com\/wp-content\/uploads\/2025\/09\/WhatsApp-Image-2025-08-27-at-22.28.45-1-300x300.jpeg 300w, https:\/\/fidanakustik.com\/wp-content\/uploads\/2025\/09\/WhatsApp-Image-2025-08-27-at-22.28.45-1-150x150.jpeg 150w\" sizes=\"(max-width: 500px) 100vw, 500px\" \/><\/figure><\/div>\n\n\n<p>Fiyat alabilmek i\u00e7in ana sayfada aray\u0131p veya Mesaj atabilirsiniz.<\/p>\n\n\n\n<p><\/p>\n","protected":false},"excerpt":{"rendered":"<p>Projelerde kullan\u0131lan \u00fcr\u00fcnlerimiz (\u00d6rnektir) Daire boyalar\u0131 Ses yal\u0131t\u0131ml\u0131 Al\u00e7\u0131pan b\u00f6lme duvar uygulamas\u0131 Ta\u015f y\u00fcn\u00fc tavan uygulamas\u0131 Baffle duvar uygulamas\u0131 B\u00f6lme duvar ve asma Al\u00e7\u0131pan tavan uygulamas\u0131 Clipin tavan Baffle tavan uygulamas\u0131 \u0130talik boya Fiyat alabilmek i\u00e7in ana sayfada aray\u0131p veya Mesaj atabilirsiniz.<\/p>\n","protected":false},"author":1,"featured_media":0,"parent":0,"menu_order":0,"comment_status":"closed","ping_status":"closed","template":"full-width","meta":{"saved_in_kubio":true,"footnotes":""},"class_list":["post-34","page","type-page","status-publish","hentry"],"kubio_ai_page_context":{"short_desc":"","purpose":"general"},"_hostinger_reach_plugin_has_subscription_block":false,"_hostinger_reach_plugin_is_elementor":false,"_links":{"self":[{"href":"https:\/\/fidanakustik.com\/index.php?rest_route=\/wp\/v2\/pages\/34","targetHints":{"allow":["GET"]}}],"collection":[{"href":"https:\/\/fidanakustik.com\/index.php?rest_route=\/wp\/v2\/pages"}],"about":[{"href":"https:\/\/fidanakustik.com\/index.php?rest_route=\/wp\/v2\/types\/page"}],"author":[{"embeddable":true,"href":"https:\/\/fidanakustik.com\/index.php?rest_route=\/wp\/v2\/users\/1"}],"replies":[{"embeddable":true,"href":"https:\/\/fidanakustik.com\/index.php?rest_route=%2Fwp%2Fv2%2Fcomments&post=34"}],"version-history":[{"count":8,"href":"https:\/\/fidanakustik.com\/index.php?rest_route=\/wp\/v2\/pages\/34\/revisions"}],"predecessor-version":[{"id":198,"href":"https:\/\/fidanakustik.com\/index.php?rest_route=\/wp\/v2\/pages\/34\/revisions\/198"}],"wp:attachment":[{"href":"https:\/\/fidanakustik.com\/index.php?rest_route=%2Fwp%2Fv2%2Fmedia&parent=34"}],"curies":[{"name":"wp","href":"https:\/\/api.w.org\/{rel}","templated":true}]}}